*h - 45 + 10 = 0, -3*h + 30 = -3*r. What is the tens digit of r/20 - 65/(-4)?
1
Let h = -15 - -15. Suppose 5*s = -h*s - 2*n + 97, 3*n = 5*s - 92. What is the units digit of s?
9
Suppose -4*p = -3*p - 30. What is the tens digit of p?
3
Let p be (-2)/(0 - (0 + -2)). Let l = p + 5. Suppose -l*k = -9 - 15. What is the units digit of k?
6
Let h = 25 - 49. Let p = h + 25. What is the units digit of p?
1
Let p = 5 - 4. Let z = 0 + p. Let c = 9 - z. What is the units digit of c?
8
Let p(r) = -r - 5. Let z be p(-5). Suppose 5*t = -l - 17, -4*t = -z*l - l + 19. What is the units digit of l?
3
Suppose -6*u + 4 = -5*u. Suppose -3*o = -u*o - 5*p + 26, 4*o - 12 = 3*p. What is the units digit of o?
6
Let w = 14 + -11. Suppose w*m - 29 = m + f, 0 = -m - 3*f + 25. What is the tens digit of m?
1
Let f be 5/((-10)/(-6)) + -1. Suppose 5*c - 3 = -d, 0 = -c + 2*c - f*d + 6. Suppose 0 = -2*r - c + 6. What is the units digit of r?
3
Let h(v) = v**2 - 6*v + 3. Let r be h(9). Let b = r + -14. What is the units digit of b?
6
Suppose 5*f - 4*f - 37 = 0. Suppose 0 = 3*z - 11 - f. What is the units digit of z?
6
Let p(u) = -u**2 + 4*u - 3. Let x be p(2). Let h(d) = -4*d**3. Let q be h(x). What is the units digit of q/22 - 48/(-22)?
2
Suppose 0*n + 4*n = 236. What is the tens digit of n?
5
Let a(u) be the second derivative of u**3/6 - 2*u. Let y be a(5). Suppose y*b + z - 32 = 3*z, b - z - 7 = 0. What is the units digit of b?
6
Suppose -m = m + 2. Let n be (-66)/(-10)*(m - -6). Suppose 0 = -2*j + 1 + 3, n = 5*p - j. What is the units digit of p?
7
Suppose s = -4 - 1, 0 = -4*v - 3*s + 317. Suppose -3*f + 3*l = -0*f - 9, -2*l = -4*f + 16. Suppose f*d = v - 28. What is the units digit of d?
1
Suppose 0 = 4*f + 5*i - 17, -3*f + i - 8 = 3. What is the units digit of f/3 + (-208)/(-6)?
4
Suppose j + 0*j + 9 = 0. Let q(r) = -r**2 - 9*r + 4. What is the units digit of q(j)?
4
Let j = -95 - -223. What is the hundreds digit of j?
1
Let b(t) = 5*t + 33. Let f(p) = 4 + p - 6 + 10. Let a(v) = 2*b(v) - 9*f(v). What is the units digit of a(10)?
4
Let h(q) = q**2 + 4*q + 12. What is the tens digit of h(-9)?
5
Let q = -7 - -14. Let l = 23 - q. Suppose l = 4*p - 0*p. What is the units digit of p?
4
Suppose -3*c = -i + 4*i - 15, -3*i = 12. Suppose 0 = -2*l + 3*r + 16, 0 = -5*r - 11 - c. Suppose 0 = l*m - 0 - 2. What is the units digit of m?
1
Let o = -5 + 2. Let q be 1 + o + (6 - 4). Suppose 58 = 4*s - k + 3, 3*s - 5*k - 54 = q. What is the units digit of s?
3
Suppose -2*f - 14 = -4*f + 2*k, 5*k + 5 = -5*f. Suppose -4*y - 19 = -3*n, -f*y - 1 = 5*n + 6. What is the units digit of n?
1
Let i be 0 - (3 - 2 - -1). Let t be (-15)/10 - 7/i. Suppose 0 = -t*r + 7 + 13. What is the tens digit of r?
1
Let d = 5 - 3. Suppose -6*i + d*i = -40. What is the units digit of i?
0
Let x(b) = b**3 - 10*b**2 + 8*b + 6. Let r be x(9). Let c = r + 9. What is the units digit of 42/4 - c/12?
0
Suppose 3*u - 11 = 451. What is the tens digit of u?
5
Suppose -v = v + 8. Let u(b) = 4*b**2 - b - b + 0*b - 6 + b**3. What is the units digit of u(v)?
2
Let h(l) = -28*l + 2. What is the tens digit of h(-1)?
3
Let t = -14 - -26. Let p(d) = d**2 - 9*d + 22. Let g be p(6). Let x = g + t. What is the units digit of x?
6
What is the units digit of 3*((3 - 3) + 1)?
3
Suppose 0*m = -4*f + 2*m + 60, -3*m + 50 = 4*f. Suppose f = o + 2. What is the tens digit of o?
1
Let l(j) = -j**2 + 16*j - 22. What is the units digit of l(13)?
7
Suppose 36 = 4*k - 5*g, 4*k - 4*g - 14 = 26. What is the tens digit of k?
1
Let o(g) = -3*g + 3 + 30*g**2 + 9*g**2 + 14*g**2. What is the units digit of o(1)?
3
Let g(x) = 6*x**2 - 1. Let m = -2 - -3. What is the units digit of g(m)?
5
Let m be (-5050)/(-35) + (-4)/14. Suppose 2*k = -5*l + 171, -4*k + m = 4*l - 0*k. What is the units digit of l?
3
Let t(u) = -u + 6. What is the units digit of t(-5)?
1
Let v = 36 - -7. What is the units digit of v?
3
Suppose f = 2*f - 17. What is the units digit of f?
7
What is the tens digit of (-772)/(-11) - (-12)/(-66)?
7
Suppose 0 = -4*r - 16, 2 - 21 = -3*i + r. Let g(j) = 3*j - 7. What is the units digit of g(i)?
8
Suppose -35 = -3*g - 2. What is the tens digit of g?
1
Suppose -1 + 3 = -o. Let u be 4/o - (-1 + -11). Let k = u + -4. What is the units digit of k?
6
Let q(x) = -2*x + 3. Let j be q(9). Let b = j + 32. What is the tens digit of b?
1
Let l = 126 + 52. What is the hundreds digit of l?
1
Let s(h) = 2*h**2 + 5*h - 4. Let j be s(-4). Let p(q) = q**2 + 0*q - 10*q + q + 10. What is the units digit of p(j)?
2
Let p be 2/(-2)*13/(-1). What is the units digit of 325/p + 0/(-2)?
5
Suppose 5*r + 3*u - 93 = 0, -4*r - 3*u + 73 = -2*u. What is the units digit of r?
8
Let u(s) be the first derivative of -2 - 1/4*s**4 - 7*s + s**2 - 4/3*s**3. What is the units digit of u(-5)?
8
Suppose -2*o + 131 = s - 107, 4*s - o - 997 = 0. What is the units digit of s?
8
Let b = 7 + -17. Let z = -4 - b. Let w(t) = t**2 - 7*t + 7. What is the units digit of w(z)?
1
Let r(d) = d - 2. Suppose -2*l + 5*h = 0, 2*l + 3*l = 4*h. Let m be r(l). Let w = m + 8. What is the units digit of w?
6
Let w = -19 - -43. Let i = 38 - w. What is the units digit of i?
4
Suppose 5*z = 2*z + 9. Suppose 4*n = -n + 5*k + 30, n = z*k + 10. What is the units digit of n?
4
Suppose 5*s - 3 + 1 = 4*j, -5*j + 12 = s. What is the units digit of (-2)/4 - (-11)/s?
5
Suppose 3*k - 18 + 6 = 0. Let m be (-2 - 0)*(0 - -1). Let g = k + m. What is the units digit of g?
2
Let z(q) = q - 7. Let d be z(7). Suppose -f + 2*b + 12 = 3*f, d = 2*f + b + 2. What is the units digit of f?
1
Suppose -4*t - 11 = 2*y - 3, -5*y = -4*t - 8. Let x = y - -2. What is the units digit of x?
2
Let q(z) = z**2 - 7*z - 5. Suppose -22 = -2*c - 6. Let g be q(c). Suppose -2*d = -4*h - 22, 0 = -4*d + 6*d + g*h - 22. What is the units digit of d?
1
Let f = -2 + 6. Suppose -24 - f = 4*x. Let q = x + 15. What is the units digit of q?
8
Let a(n) = -4*n**2 - n**3 - n**3 + 5*n**2. What is the units digit of a(-2)?
0
Suppose 0*s + 2*s - 8 = 0. Suppose -8 = -2*o + f + s*f, 35 = 3*o + 4*f. Let w = o + -6. What is the units digit of w?
3
Suppose -3*f + 4 = -k + f, 3*k = 4*f + 12. Suppose -3*y + 14 = c, 3*y + 2*c - k = 4*c. What is the units digit of y?
4
Let c(r) = r**3 - 5*r**2 + 6*r - 5. Let d be c(4). Suppose 3*i - 5*n = -d, -5*i - n + 23 = -0*n. Suppose -10 = -i*m + 14. What is the units digit of m?
6
Let c(r) = -2*r + 3. Let h be c(3). What is the units digit of 1/2 - h/6?
1
Let p(v) = -30*v + 23. What is the hundreds digit of p(-6)?
2
What is the tens digit of ((-32)/12 - -2)/(4/(-462))?
7
Suppose 0 = 2*d + 6 - 18. Suppose -4*m - 3*q + d*q - 3 = 0, -4*q + 4 = -4*m. What is the units digit of 8/(-2 + (3 - m))?
8
Let v(j) = 8 - j - 1 - 2. What is the units digit of v(0)?
5
Let x(a) = -2*a**3 + 6*a**2 + 7*a - 8. What is the units digit of x(-4)?
8
Let k(y) = 5*y**2 - 5*y + 4. Let w be k(-5). Let x = 110 - w. What is the units digit of x/(-6) + 6/(-18)?
7
Let k be (-8)/(-6)*(-3 + 0). Let z(v) = v**3 + 4*v**2 + 4. Let u be z(k). Suppose u*q = 36 + 16. What is the units digit of q?
3
Let s be (-48)/(-28) - (-4)/14. Suppose 2*m - 4 = s. Suppose i = 2*l - 15, m*l = 3*i + 2*i + 40. What is the units digit of l?
5
Let f(a) = -a - 1. Let j be f(-3). Let y be -1*(2 + (j - 3)). What is the units digit of ((-15)/y)/(6/4)?
0
Let m = 69 + -29. What is the tens digit of m?
4
Suppose -15*c + 19*c = 128. What is the units digit of c?
2
Let i be (2/6)/(3/27). Suppose -5*l = -5*v - 10, -i*v + 3*l = -2*l + 10. Suppose 0 = b - 4*b - f + 1, v = 5*b - 3*f - 11. What is the units digit of b?
1
Suppose 16 = -6*i - 26. What is the units digit of 2/i - (-153)/21?
7
Let w(r) = r - 2. Let u be w(-6). Let p(v) = v**3 + 8*v**2 - 2*v - 5. What is the tens digit of p(u)?
1
Let g be (5 - 2)/(2/2). Suppose g*r + 2*r = 90. What is the tens digit of r?
1
Suppose 0 = -2*x - 3*z + 20, 4*x - 2*z = z + 40. Suppose -10 = -a - 3*t - 0*t, -2*a + 4*t - x = 0. Suppose -3 = -w + a. What is the units digit of w?
4
Suppose 7*q - 16 = 3*q. Suppose 37 = d - q. What is the units digit of d?
1
Let u = -1 + 1. What is the units digit of -1 + 1 - (-2 + u)?
2
What is the units digit of (45/(-12))/((-4)/16)?
5
Let x = -119 - -194. Suppose -2*f + 3*l = -22 - 29, x = 5*f + 3*l. What is the units digit of f?
8
Let v